{"id":18,"date":"2018-02-12T17:10:05","date_gmt":"2018-02-12T16:10:05","guid":{"rendered":"http:\/\/meval.it\/?page_id=18"},"modified":"2021-09-03T17:11:53","modified_gmt":"2021-09-03T15:11:53","slug":"chi-siamo","status":"publish","type":"page","link":"https:\/\/meval.it\/index.php\/chi-siamo\/","title":{"rendered":"Chi siamo"},"content":{"rendered":"<p style=\"text-align: center;\"><img loading=\"lazy\" class=\"alignnone size-full wp-image-75\" src=\"http:\/\/meval.it\/wp-content\/uploads\/2018\/02\/Negozio.jpg\" alt=\"\" width=\"100\" height=\"100\" \/><\/p>\n<h1 style=\"text-align: center;\"><span style=\"color: #444444;\"><span style=\"font-size: 36px;\"><span style=\"font-family: tahoma,geneva,sans-serif;\">Meval<\/span><\/span><\/span><\/h1>\n<p style=\"text-align: center;\">\u00a0\u00a0\u00a0\u00a0\u00a0\u00a0\u00a0\u00a0\u00a0\u00a0\u00a0<span style=\"color: #444444;\"><span style=\"font-family: tahoma,geneva,sans-serif;\"> L\u2019esperienza di Meval nasce pi\u00f9 di venti anni fa.\u00a0Sempre aggiornata nell\u2019evolversi delle tecnologie e del design, non dimentica mai l\u2019elemento pi\u00f9 importante che ha improntato l\u2019azienda sin dai suoi inizi:\u00a0la ferma determinazione nel fare di ogni lavoro, un lavoro a regola d\u2019arte\u00a0perch\u00e9 una bella porta, una bella finestra, non danno soddisfazione se vengono scelti senza oculatezza o\u00a0installati senza amore per il proprio lavoro.\u00a0Questo \u00e8 il motivo per il quale il nostro personale \u00e8 parte integrante del servizio che diamo al nostro cliente. Personale costantemente aggiornato sull\u2019utilizzo di nuovi materiali e\u00a0sull\u2019installazione di ogni specifico prodotto realizzato dai nostri partner, con i quali lavoriamo in simbiosi per ottenere sempre il meglio di ci\u00f2 che il nostro cliente pu\u00f2 desiderare per la propria casa, ufficio, studio professionale o\u00a0attivit\u00e0 commerciale.\u00a0<\/span><\/span><span style=\"color: #444444;\"><span style=\"font-family: tahoma,geneva,sans-serif;\">Visitare le nostre esposizioni, vedere e toccare i prodotti, avere a disposizione personale capace di capire le esigenze ed i desideri: questo \u00e8 il modo migliore per scegliere con serenit\u00e0, un prodotto destinato a durare decenni, e che anche dopo molto tempo ci consentir\u00e0 di riconoscerci in quel lavoro ben eseguito, come il nostro cliente si riconoscer\u00e0 in quella scelta ben fatta. <\/span><\/span><\/p>\n<p style=\"text-align: center;\"><span style=\"color: #444444;\"><span style=\"font-family: tahoma,geneva,sans-serif;\"><a href=\"http:\/\/meval.it\/index.php\/showroom-di-cormano\/\">&gt; Scopri come raggiungerci<\/a><\/span><\/span><\/p>\n<p style=\"text-align: center;\">\n<p style=\"text-align: center;\">\n","protected":false},"excerpt":{"rendered":"<p>\u00a0\u00a0 L\u2019esperienza di Meval nasce pi\u00f9 di venti anni fa.\u00a0Sempre aggiornata nell\u2019evolversi delle tecnologie e del design, non dimentica mai l\u2019elemento pi\u00f9 importante che ha improntato l\u2019azienda sin dai suoi inizi:\u00a0la ferma determinazione nel fare di ogni lavoro, un lavoro a regola d\u2019arte.<\/p>\n","protected":false},"author":1,"featured_media":75,"parent":0,"menu_order":1,"comment_status":"closed","ping_status":"closed","template":"","meta":[],"aioseo_notices":[],"_links":{"self":[{"href":"https:\/\/meval.it\/index.php\/wp-json\/wp\/v2\/pages\/18"}],"collection":[{"href":"https:\/\/meval.it\/index.php\/wp-json\/wp\/v2\/pages"}],"about":[{"href":"https:\/\/meval.it\/index.php\/wp-json\/wp\/v2\/types\/page"}],"author":[{"embeddable":true,"href":"https:\/\/meval.it\/index.php\/wp-json\/wp\/v2\/users\/1"}],"replies":[{"embeddable":true,"href":"https:\/\/meval.it\/index.php\/wp-json\/wp\/v2\/comments?post=18"}],"version-history":[{"count":9,"href":"https:\/\/meval.it\/index.php\/wp-json\/wp\/v2\/pages\/18\/revisions"}],"predecessor-version":[{"id":543,"href":"https:\/\/meval.it\/index.php\/wp-json\/wp\/v2\/pages\/18\/revisions\/543"}],"wp:featuredmedia":[{"embeddable":true,"href":"https:\/\/meval.it\/index.php\/wp-json\/wp\/v2\/media\/75"}],"wp:attachment":[{"href":"https:\/\/meval.it\/index.php\/wp-json\/wp\/v2\/media?parent=18"}],"curies":[{"name":"wp","href":"https:\/\/api.w.org\/{rel}","templated":true}]}}